Last updated on 2021-03-07 05:49:00 CET.
Flavor | Version | Tinstall | Tcheck | Ttotal | Status | Flags |
---|---|---|---|---|---|---|
r-devel-linux-x86_64-debian-clang | 0.2.6 | 2.20 | 24.18 | 26.38 | OK | |
r-devel-linux-x86_64-debian-gcc | 0.2.6 | 1.65 | 19.06 | 20.71 | OK | |
r-devel-linux-x86_64-fedora-clang | 0.2.6 | 41.21 | NOTE | |||
r-devel-linux-x86_64-fedora-gcc | 0.2.6 | 31.25 | OK | |||
r-devel-windows-ix86+x86_64 | 0.2.6 | 5.00 | 39.00 | 44.00 | OK | |
r-devel-windows-x86_64-gcc10-UCRT | 0.2.6 | OK | ||||
r-patched-linux-x86_64 | 0.2.6 | 2.17 | 23.15 | 25.32 | OK | |
r-patched-solaris-x86 | 0.2.6 | 50.00 | OK | |||
r-release-linux-x86_64 | 0.2.6 | 2.13 | 23.61 | 25.74 | OK | |
r-release-macos-x86_64 | 0.2.6 | OK | ||||
r-release-windows-ix86+x86_64 | 0.2.6 | 5.00 | 30.00 | 35.00 | OK | |
r-oldrel-macos-x86_64 | 0.2.6 | OK | ||||
r-oldrel-windows-ix86+x86_64 | 0.2.6 | 3.00 | 29.00 | 32.00 | OK |
Version: 0.2.6
Check: Rd cross-references
Result: NOTE
Undeclared package ‘dplyr’ in Rd xrefs
Flavor: r-devel-linux-x86_64-fedora-clang