CRAN Package Check Results for Package tidygenomics

Last updated on 2021-04-15 05:48:13 CEST.

Flavor Version Tinstall Tcheck Ttotal Status Flags
r-devel-linux-x86_64-debian-clang 0.1.2 22.59 65.93 88.52 NOTE
r-devel-linux-x86_64-debian-gcc 0.1.2 14.18 49.49 63.67 NOTE
r-devel-linux-x86_64-fedora-clang 0.1.2 120.99 NOTE
r-devel-linux-x86_64-fedora-gcc 0.1.2 102.71 NOTE
r-devel-windows-ix86+x86_64 0.1.2 52.00 119.00 171.00 NOTE
r-devel-windows-x86_64-gcc10-UCRT 0.1.2 NOTE
r-patched-linux-x86_64 0.1.2 17.33 62.47 79.80 OK
r-patched-solaris-x86 0.1.2 135.90 OK
r-release-linux-x86_64 0.1.2 16.43 62.26 78.69 OK
r-release-macos-x86_64 0.1.2 OK
r-release-windows-ix86+x86_64 0.1.2 52.00 133.00 185.00 OK
r-oldrel-macos-x86_64 0.1.2 OK
r-oldrel-windows-ix86+x86_64 0.1.2 38.00 87.00 125.00 OK

Check Details

Version: 0.1.2
Check: LazyData
Result: NOTE
     'LazyData' is specified without a 'data' directory
Flavors: r-devel-linux-x86_64-debian-clang, r-devel-linux-x86_64-debian-gcc, r-devel-linux-x86_64-fedora-clang, r-devel-linux-x86_64-fedora-gcc, r-devel-windows-ix86+x86_64, r-devel-windows-x86_64-gcc10-UCRT