CRAN Package Check Results for Package text2vec

Last updated on 2021-04-20 05:47:52 CEST.

Flavor Version Tinstall Tcheck Ttotal Status Flags
r-devel-linux-x86_64-debian-clang 0.6 67.06 336.36 403.42 OK
r-devel-linux-x86_64-debian-gcc 0.6 52.12 264.03 316.15 OK
r-devel-linux-x86_64-fedora-clang 0.6 490.39 NOTE
r-devel-linux-x86_64-fedora-gcc 0.6 457.59 OK
r-devel-windows-ix86+x86_64 0.6 148.00 467.00 615.00 NOTE
r-devel-windows-x86_64-gcc10-UCRT 0.6 OK
r-patched-linux-x86_64 0.6 59.82 287.64 347.46 OK
r-patched-solaris-x86 0.6 1005.20 NOTE
r-release-linux-x86_64 0.6 59.64 295.65 355.29 OK
r-release-macos-x86_64 0.6 NOTE
r-release-windows-ix86+x86_64 0.6 149.00 519.00 668.00 NOTE
r-oldrel-macos-x86_64 0.6 NOTE
r-oldrel-windows-ix86+x86_64 0.6 107.00 625.00 732.00 NOTE

Check Details

Version: 0.6
Check: installed package size
Result: NOTE
     installed size is 10.3Mb
     sub-directories of 1Mb or more:
     data 2.7Mb
     doc 2.9Mb
     libs 4.2Mb
Flavors: r-devel-linux-x86_64-fedora-clang, r-devel-windows-ix86+x86_64, r-patched-solaris-x86, r-release-macos-x86_64, r-release-windows-ix86+x86_64, r-oldrel-macos-x86_64, r-oldrel-windows-ix86+x86_64