Last updated on 2021-04-20 05:47:52 CEST.
Flavor | Version | Tinstall | Tcheck | Ttotal | Status | Flags |
---|---|---|---|---|---|---|
r-devel-linux-x86_64-debian-clang | 0.2.2 | 14.16 | 338.33 | 352.49 | OK | |
r-devel-linux-x86_64-debian-gcc | 0.2.2 | 10.32 | 226.92 | 237.24 | OK | |
r-devel-linux-x86_64-fedora-clang | 0.2.2 | 396.28 | OK | |||
r-devel-linux-x86_64-fedora-gcc | 0.2.2 | 371.87 | OK | |||
r-devel-windows-ix86+x86_64 | 0.2.2 | 22.00 | 244.00 | 266.00 | OK | |
r-devel-windows-x86_64-gcc10-UCRT | 0.2.2 | OK | ||||
r-patched-linux-x86_64 | 0.2.2 | 12.56 | 288.45 | 301.01 | WARN | |
r-patched-solaris-x86 | 0.2.2 | 516.40 | OK | |||
r-release-linux-x86_64 | 0.2.2 | 13.18 | 287.44 | 300.62 | OK | |
r-release-macos-x86_64 | 0.2.2 | OK | ||||
r-release-windows-ix86+x86_64 | 0.2.2 | 32.00 | 273.00 | 305.00 | OK | |
r-oldrel-macos-x86_64 | 0.2.2 | OK | ||||
r-oldrel-windows-ix86+x86_64 | 0.2.2 | 19.00 | 366.00 | 385.00 | OK |
Version: 0.2.2
Check: whether package can be installed
Result: WARN
Found the following significant warnings:
Rd warning: /tmp/RtmpaUEYUC/R.INSTALL327164ef3f8e/survxai/man/plot.surv_ceteris_paribus_explainer.Rd:19: file link ‘geom_step’ in package ‘ggplot2’ does not exist and so has been treated as a topic
Flavor: r-patched-linux-x86_64