Last updated on 2021-02-25 05:48:37 CET.
Flavor | Version | Tinstall | Tcheck | Ttotal | Status | Flags |
---|---|---|---|---|---|---|
r-devel-linux-x86_64-debian-clang | 1.2-3 | 8.69 | 124.88 | 133.57 | OK | |
r-devel-linux-x86_64-debian-gcc | 1.2-3 | 6.62 | 95.41 | 102.03 | OK | |
r-devel-linux-x86_64-fedora-clang | 1.2-3 | 191.20 | OK | |||
r-devel-linux-x86_64-fedora-gcc | 1.2-3 | 170.64 | OK | |||
r-devel-windows-ix86+x86_64 | 1.2-3 | 12.00 | 105.00 | 117.00 | OK | |
r-patched-linux-x86_64 | 1.2-3 | 7.43 | 118.95 | 126.38 | OK | |
r-release-linux-x86_64 | 1.2-3 | 8.01 | 118.77 | 126.78 | OK | |
r-release-macos-x86_64 | 1.2-3 | OK | ||||
r-release-windows-ix86+x86_64 | 1.2-3 | 18.00 | 0.00 | 18.00 | ERROR | |
r-oldrel-macos-x86_64 | 1.2-3 | OK | ||||
r-oldrel-windows-ix86+x86_64 | 1.2-3 | 12.00 | 133.00 | 145.00 | OK |
Version: 1.2-3
Check: whether package can be installed
Result: ERROR
Installation failed.
Flavor: r-release-windows-ix86+x86_64