CRAN Package Check Results for Package spaero

Last updated on 2021-04-15 05:48:11 CEST.

Flavor Version Tinstall Tcheck Ttotal Status Flags
r-devel-linux-x86_64-debian-clang 0.6.0 2.06 63.59 65.65 NOTE
r-devel-linux-x86_64-debian-gcc 0.6.0 1.58 46.72 48.30 NOTE
r-devel-linux-x86_64-fedora-clang 0.6.0 87.47 NOTE
r-devel-linux-x86_64-fedora-gcc 0.6.0 86.83 NOTE
r-devel-windows-ix86+x86_64 0.6.0 7.00 85.00 92.00 NOTE
r-devel-windows-x86_64-gcc10-UCRT 0.6.0 NOTE
r-patched-linux-x86_64 0.6.0 1.74 60.22 61.96 OK
r-patched-solaris-x86 0.6.0 134.50 NOTE
r-release-linux-x86_64 0.6.0 2.03 60.42 62.45 OK
r-release-macos-x86_64 0.6.0 NOTE
r-release-windows-ix86+x86_64 0.6.0 5.00 107.00 112.00 OK
r-oldrel-macos-x86_64 0.6.0 NOTE
r-oldrel-windows-ix86+x86_64 0.6.0 4.00 78.00 82.00 OK

Check Details

Version: 0.6.0
Check: LazyData
Result: NOTE
     'LazyData' is specified without a 'data' directory
Flavors: r-devel-linux-x86_64-debian-clang, r-devel-linux-x86_64-debian-gcc, r-devel-linux-x86_64-fedora-clang, r-devel-linux-x86_64-fedora-gcc, r-devel-windows-ix86+x86_64, r-devel-windows-x86_64-gcc10-UCRT

Version: 0.6.0
Check: dependencies in R code
Result: NOTE
    Namespace in Imports field not imported from: ‘utils’
     All declared Imports should be used.
Flavors: r-devel-linux-x86_64-fedora-clang, r-devel-linux-x86_64-fedora-gcc, r-devel-windows-x86_64-gcc10-UCRT, r-patched-solaris-x86, r-release-macos-x86_64, r-oldrel-macos-x86_64