Last updated on 2021-02-27 05:48:39 CET.
Flavor | Version | Tinstall | Tcheck | Ttotal | Status | Flags |
---|---|---|---|---|---|---|
r-devel-linux-x86_64-debian-clang | 0.5.4 | 80.85 | 50.56 | 131.41 | NOTE | |
r-devel-linux-x86_64-debian-gcc | 0.5.4 | 52.38 | 39.50 | 91.88 | NOTE | |
r-devel-linux-x86_64-fedora-clang | 0.5.4 | 197.63 | NOTE | |||
r-devel-linux-x86_64-fedora-gcc | 0.5.4 | 170.45 | NOTE | |||
r-devel-windows-ix86+x86_64 | 0.5.4 | 134.00 | 83.00 | 217.00 | NOTE | |
r-patched-linux-x86_64 | 0.5.4 | 63.18 | 49.03 | 112.21 | NOTE | |
r-patched-solaris-x86 | 0.5.4 | 171.30 | NOTE | |||
r-release-linux-x86_64 | 0.5.4 | 67.60 | 48.45 | 116.05 | NOTE | |
r-release-macos-x86_64 | 0.5.4 | NOTE | ||||
r-release-windows-ix86+x86_64 | 0.5.4 | 188.00 | 23.00 | 211.00 | ERROR | |
r-oldrel-macos-x86_64 | 0.5.4 | NOTE | ||||
r-oldrel-windows-ix86+x86_64 | 0.5.4 | 121.00 | 94.00 | 215.00 | NOTE |
Version: 0.5.4
Check: for GNU extensions in Makefiles
Result: NOTE
GNU make is a SystemRequirements.
Flavors: r-devel-linux-x86_64-debian-clang, r-devel-linux-x86_64-debian-gcc, r-devel-linux-x86_64-fedora-clang, r-devel-linux-x86_64-fedora-gcc, r-devel-windows-ix86+x86_64, r-patched-linux-x86_64, r-patched-solaris-x86, r-release-linux-x86_64, r-release-macos-x86_64, r-oldrel-macos-x86_64, r-oldrel-windows-ix86+x86_64
Version: 0.5.4
Check: installed package size
Result: NOTE
installed size is 5.4Mb
sub-directories of 1Mb or more:
libs 4.8Mb
Flavors: r-devel-linux-x86_64-fedora-clang, r-release-macos-x86_64, r-oldrel-macos-x86_64
Version: 0.5.4
Check: whether package can be installed
Result: ERROR
Installation failed.
See 'd:/Rcompile/CRANpkg/local/4.0/smam.Rcheck/00install.out'*
Flavor: r-release-windows-ix86+x86_64