CRAN Package Check Results for Package shinydashboardPlus

Last updated on 2021-04-20 05:47:49 CEST.

Flavor Version Tinstall Tcheck Ttotal Status Flags
r-devel-linux-x86_64-debian-clang 2.0.0 7.80 57.13 64.93 NOTE
r-devel-linux-x86_64-debian-gcc 2.0.0 5.36 44.49 49.85 NOTE
r-devel-linux-x86_64-fedora-clang 2.0.0 85.19 NOTE
r-devel-linux-x86_64-fedora-gcc 2.0.0 76.18 NOTE
r-devel-windows-ix86+x86_64 2.0.0 11.00 65.00 76.00 NOTE
r-devel-windows-x86_64-gcc10-UCRT 2.0.0 NOTE
r-patched-linux-x86_64 2.0.0 13.03 54.93 67.96 WARN
r-patched-solaris-x86 2.0.0 104.40 NOTE
r-release-linux-x86_64 2.0.0 5.37 54.35 59.72 OK
r-release-macos-x86_64 2.0.0 NOTE
r-release-windows-ix86+x86_64 2.0.0 14.00 92.00 106.00 OK
r-oldrel-macos-x86_64 2.0.0 NOTE
r-oldrel-windows-ix86+x86_64 2.0.0 8.00 67.00 75.00 OK

Check Details

Version: 2.0.0
Check: LazyData
Result: NOTE
     'LazyData' is specified without a 'data' directory
Flavors: r-devel-linux-x86_64-debian-clang, r-devel-linux-x86_64-debian-gcc, r-devel-linux-x86_64-fedora-clang, r-devel-linux-x86_64-fedora-gcc, r-devel-windows-ix86+x86_64, r-devel-windows-x86_64-gcc10-UCRT

Version: 2.0.0
Check: dependencies in R code
Result: NOTE
    Namespace in Imports field not imported from: ‘lifecycle’
     All declared Imports should be used.
Flavors: r-devel-linux-x86_64-fedora-clang, r-devel-linux-x86_64-fedora-gcc, r-devel-windows-x86_64-gcc10-UCRT, r-patched-solaris-x86, r-release-macos-x86_64, r-oldrel-macos-x86_64

Version: 2.0.0
Check: whether package can be installed
Result: WARN
    Found the following significant warnings:
     Rd warning: /tmp/Rtmpbs1dga/R.INSTALL7bd3689f1f98/shinydashboardPlus/man/dashboardPage.Rd:46: file link ‘waiter_show_on_load’ in package ‘waiter’ does not exist and so has been treated as a topic
     Rd warning: /tmp/Rtmpbs1dga/R.INSTALL7bd3689f1f98/shinydashboardPlus/man/tagAssert.Rd:17: file link ‘uiOutput’ in package ‘shiny’ does not exist and so has been treated as a topic
Flavor: r-patched-linux-x86_64