CRAN Package Check Results for Package shinyAce

Last updated on 2021-04-20 05:47:49 CEST.

Flavor Version Tinstall Tcheck Ttotal Status Flags
r-devel-linux-x86_64-debian-clang 0.4.1 4.91 44.31 49.22 OK
r-devel-linux-x86_64-debian-gcc 0.4.1 4.22 34.97 39.19 OK
r-devel-linux-x86_64-fedora-clang 0.4.1 66.00 NOTE
r-devel-linux-x86_64-fedora-gcc 0.4.1 64.77 OK
r-devel-windows-ix86+x86_64 0.4.1 11.00 48.00 59.00 NOTE
r-devel-windows-x86_64-gcc10-UCRT 0.4.1 OK
r-patched-linux-x86_64 0.4.1 5.06 42.18 47.24 WARN
r-patched-solaris-x86 0.4.1 89.60 NOTE
r-release-linux-x86_64 0.4.1 4.86 42.42 47.28 OK
r-release-macos-x86_64 0.4.1 NOTE
r-release-windows-ix86+x86_64 0.4.1 12.00 53.00 65.00 NOTE
r-oldrel-macos-x86_64 0.4.1 NOTE
r-oldrel-windows-ix86+x86_64 0.4.1 7.00 51.00 58.00 NOTE

Check Details

Version: 0.4.1
Check: installed package size
Result: NOTE
     installed size is 8.2Mb
     sub-directories of 1Mb or more:
     www 7.7Mb
Flavors: r-devel-linux-x86_64-fedora-clang, r-devel-windows-ix86+x86_64, r-patched-solaris-x86, r-release-macos-x86_64, r-release-windows-ix86+x86_64, r-oldrel-macos-x86_64, r-oldrel-windows-ix86+x86_64

Version: 0.4.1
Check: whether package can be installed
Result: WARN
    Found the following significant warnings:
     Rd warning: /tmp/RtmpYRy4dh/R.INSTALL7b017561b61d/shinyAce/man/re_capture.Rd:14: file link ‘regexpr’ in package ‘base’ does not exist and so has been treated as a topic
Flavor: r-patched-linux-x86_64