Last updated on 2021-02-27 05:48:38 CET.
Flavor | Version | Tinstall | Tcheck | Ttotal | Status | Flags |
---|---|---|---|---|---|---|
r-devel-linux-x86_64-debian-clang | 1.0.14 | 486.44 | 475.36 | 961.80 | OK | |
r-devel-linux-x86_64-debian-gcc | 1.0.14 | 315.86 | 334.95 | 650.81 | OK | |
r-devel-linux-x86_64-fedora-clang | 1.0.14 | 1262.60 | NOTE | |||
r-devel-linux-x86_64-fedora-gcc | 1.0.14 | 1149.26 | OK | |||
r-devel-windows-ix86+x86_64 | 1.0.14 | 752.00 | 393.00 | 1145.00 | NOTE | |
r-patched-linux-x86_64 | 1.0.14 | 279.51 | 437.76 | 717.27 | OK | |
r-patched-solaris-x86 | 1.0.14 | 1146.50 | NOTE | |||
r-release-linux-x86_64 | 1.0.14 | 275.87 | 436.56 | 712.43 | OK | |
r-release-macos-x86_64 | 1.0.14 | NOTE | ||||
r-release-windows-ix86+x86_64 | 1.0.14 | 1067.00 | 525.00 | 1592.00 | NOTE | |
r-oldrel-macos-x86_64 | 1.0.14 | NOTE | ||||
r-oldrel-windows-ix86+x86_64 | 1.0.14 | 686.00 | 595.00 | 1281.00 | NOTE |
Version: 1.0.14
Check: installed package size
Result: NOTE
installed size is 22.4Mb
sub-directories of 1Mb or more:
doc 6.1Mb
libs 15.5Mb
Flavors: r-devel-linux-x86_64-fedora-clang, r-devel-windows-ix86+x86_64, r-patched-solaris-x86, r-release-macos-x86_64, r-release-windows-ix86+x86_64, r-oldrel-macos-x86_64, r-oldrel-windows-ix86+x86_64