Last updated on 2021-02-27 05:48:38 CET.
Flavor | Version | Tinstall | Tcheck | Ttotal | Status | Flags |
---|---|---|---|---|---|---|
r-devel-linux-x86_64-debian-clang | 1.0.4 | 483.90 | 44.38 | 528.28 | OK | |
r-devel-linux-x86_64-debian-gcc | 1.0.4 | 342.17 | 34.52 | 376.69 | OK | |
r-devel-linux-x86_64-fedora-clang | 1.0.4 | 787.02 | NOTE | |||
r-devel-linux-x86_64-fedora-gcc | 1.0.4 | 725.25 | OK | |||
r-devel-windows-ix86+x86_64 | 1.0.4 | 950.00 | 108.00 | 1058.00 | NOTE | |
r-patched-linux-x86_64 | 1.0.4 | 407.11 | 43.47 | 450.58 | OK | |
r-patched-solaris-x86 | 1.0.4 | 537.90 | NOTE | |||
r-release-linux-x86_64 | 1.0.4 | 409.98 | 43.10 | 453.08 | OK | |
r-release-macos-x86_64 | 1.0.4 | NOTE | ||||
r-release-windows-ix86+x86_64 | 1.0.4 | 1024.00 | 146.00 | 1170.00 | NOTE | |
r-oldrel-macos-x86_64 | 1.0.4 | NOTE | ||||
r-oldrel-windows-ix86+x86_64 | 1.0.4 | 851.00 | 141.00 | 992.00 | NOTE |
Version: 1.0.4
Check: installed package size
Result: NOTE
installed size is 36.5Mb
sub-directories of 1Mb or more:
include 2.5Mb
libs 32.9Mb
Flavors: r-devel-linux-x86_64-fedora-clang, r-devel-windows-ix86+x86_64, r-patched-solaris-x86, r-release-macos-x86_64, r-release-windows-ix86+x86_64, r-oldrel-macos-x86_64, r-oldrel-windows-ix86+x86_64