CRAN Package Check Results for Package rugarch

Last updated on 2021-02-27 05:48:37 CET.

Flavor Version Tinstall Tcheck Ttotal Status Flags
r-devel-linux-x86_64-debian-clang 1.4-4 95.87 335.02 430.89 OK
r-devel-linux-x86_64-debian-gcc 1.4-4 73.90 252.85 326.75 OK
r-devel-linux-x86_64-fedora-clang 1.4-4 544.53 NOTE
r-devel-linux-x86_64-fedora-gcc 1.4-4 529.22 OK
r-devel-windows-ix86+x86_64 1.4-4 127.00 301.00 428.00 NOTE
r-patched-linux-x86_64 1.4-4 85.56 304.13 389.69 OK
r-patched-solaris-x86 1.4-4 558.40 NOTE
r-release-linux-x86_64 1.4-4 88.47 303.38 391.85 OK
r-release-macos-x86_64 1.4-4 NOTE
r-release-windows-ix86+x86_64 1.4-4 177.00 414.00 591.00 NOTE
r-oldrel-macos-x86_64 1.4-4 NOTE
r-oldrel-windows-ix86+x86_64 1.4-4 116.00 322.00 438.00 NOTE

Check Details

Version: 1.4-4
Check: installed package size
Result: NOTE
     installed size is 7.7Mb
     sub-directories of 1Mb or more:
     R 3.0Mb
     libs 2.3Mb
Flavors: r-devel-linux-x86_64-fedora-clang, r-devel-windows-ix86+x86_64, r-patched-solaris-x86, r-release-macos-x86_64, r-release-windows-ix86+x86_64, r-oldrel-macos-x86_64, r-oldrel-windows-ix86+x86_64