Last updated on 2021-04-15 05:48:09 CEST.
Flavor | Version | Tinstall | Tcheck | Ttotal | Status | Flags |
---|---|---|---|---|---|---|
r-devel-linux-x86_64-debian-clang | 1.5.5 | 36.90 | 86.49 | 123.39 | OK | |
r-devel-linux-x86_64-debian-gcc | 1.5.5 | 24.64 | 68.52 | 93.16 | OK | |
r-devel-linux-x86_64-fedora-clang | 1.5.5 | 164.36 | NOTE | |||
r-devel-linux-x86_64-fedora-gcc | 1.5.5 | 154.47 | OK | |||
r-devel-windows-ix86+x86_64 | 1.5.5 | 80.00 | 125.00 | 205.00 | NOTE | |
r-devel-windows-x86_64-gcc10-UCRT | 1.5.5 | OK | ||||
r-patched-linux-x86_64 | 1.5.5 | 27.95 | 83.96 | 111.91 | OK | |
r-patched-solaris-x86 | 1.5.5 | 173.60 | OK | |||
r-release-linux-x86_64 | 1.5.5 | 29.68 | 83.41 | 113.09 | OK | |
r-release-macos-x86_64 | 1.5.5 | NOTE | ||||
r-release-windows-ix86+x86_64 | 1.5.5 | 68.00 | 161.00 | 229.00 | NOTE | |
r-oldrel-macos-x86_64 | 1.5.5 | NOTE | ||||
r-oldrel-windows-ix86+x86_64 | 1.5.5 | 74.00 | 111.00 | 185.00 | NOTE |
Version: 1.5.5
Check: installed package size
Result: NOTE
installed size is 6.8Mb
sub-directories of 1Mb or more:
doc 1.1Mb
libs 2.7Mb
projects 2.8Mb
Flavors: r-devel-linux-x86_64-fedora-clang, r-devel-windows-ix86+x86_64, r-release-macos-x86_64, r-release-windows-ix86+x86_64, r-oldrel-macos-x86_64, r-oldrel-windows-ix86+x86_64