Last updated on 2021-04-11 05:48:07 CEST.
Flavor | Version | Tinstall | Tcheck | Ttotal | Status | Flags |
---|---|---|---|---|---|---|
r-devel-linux-x86_64-debian-clang | 1.8.2.1 | 14.06 | 58.31 | 72.37 | NOTE | |
r-devel-linux-x86_64-debian-gcc | 1.8.2.1 | 10.55 | 44.36 | 54.91 | NOTE | |
r-devel-linux-x86_64-fedora-clang | 1.8.2.1 | 99.90 | NOTE | |||
r-devel-linux-x86_64-fedora-gcc | 1.8.2.1 | 81.34 | NOTE | |||
r-devel-windows-ix86+x86_64 | 1.8.2.1 | 38.00 | 83.00 | 121.00 | NOTE | |
r-devel-windows-x86_64-gcc10-UCRT | 1.8.2.1 | NOTE | ||||
r-patched-linux-x86_64 | 1.8.2.1 | 15.66 | 54.89 | 70.55 | OK | |
r-patched-solaris-x86 | 1.8.2.1 | 124.60 | OK | |||
r-release-linux-x86_64 | 1.8.2.1 | 12.74 | 55.52 | 68.26 | OK | |
r-release-macos-x86_64 | 1.8.2.1 | OK | ||||
r-release-windows-ix86+x86_64 | 1.8.2.1 | 32.00 | 71.00 | 103.00 | OK | |
r-oldrel-macos-x86_64 | 1.8.2.1 | OK | ||||
r-oldrel-windows-ix86+x86_64 | 1.8.2.1 | 30.00 | 80.00 | 110.00 | OK |
Version: 1.8.2.1
Check: LazyData
Result: NOTE
'LazyData' is specified without a 'data' directory
Flavors: r-devel-linux-x86_64-debian-clang, r-devel-linux-x86_64-debian-gcc, r-devel-linux-x86_64-fedora-clang, r-devel-linux-x86_64-fedora-gcc, r-devel-windows-ix86+x86_64, r-devel-windows-x86_64-gcc10-UCRT