CRAN Package Check Results for Package rnaturalearth

Last updated on 2021-02-27 05:48:37 CET.

Flavor Version Tinstall Tcheck Ttotal Status Flags
r-devel-linux-x86_64-debian-clang 0.1.0 5.98 72.92 78.90 NOTE
r-devel-linux-x86_64-debian-gcc 0.1.0 4.65 54.68 59.33 NOTE
r-devel-linux-x86_64-fedora-clang 0.1.0 104.60 NOTE
r-devel-linux-x86_64-fedora-gcc 0.1.0 94.08 NOTE
r-devel-windows-ix86+x86_64 0.1.0 11.00 74.00 85.00 NOTE
r-patched-linux-x86_64 0.1.0 5.39 68.30 73.69 NOTE
r-patched-solaris-x86 0.1.0 135.90 NOTE
r-release-linux-x86_64 0.1.0 5.18 69.11 74.29 NOTE
r-release-macos-x86_64 0.1.0 NOTE
r-release-windows-ix86+x86_64 0.1.0 15.00 87.00 102.00 NOTE
r-oldrel-macos-x86_64 0.1.0 NOTE
r-oldrel-windows-ix86+x86_64 0.1.0 8.00 92.00 100.00 NOTE

Check Details

Version: 0.1.0
Check: package dependencies
Result: NOTE
    Package suggested but not available for checking: 'rnaturalearthhires'
Flavors: r-devel-linux-x86_64-debian-clang, r-devel-linux-x86_64-debian-gcc, r-devel-linux-x86_64-fedora-clang, r-devel-linux-x86_64-fedora-gcc, r-devel-windows-ix86+x86_64, r-patched-linux-x86_64, r-patched-solaris-x86, r-release-linux-x86_64, r-release-macos-x86_64, r-release-windows-ix86+x86_64, r-oldrel-macos-x86_64, r-oldrel-windows-ix86+x86_64

Version: 0.1.0
Check: data for non-ASCII characters
Result: NOTE
     Note: found 7 marked Latin-1 strings
Flavors: r-devel-linux-x86_64-fedora-clang, r-devel-linux-x86_64-fedora-gcc, r-patched-solaris-x86, r-release-macos-x86_64, r-oldrel-macos-x86_64