CRAN Package Check Results for Package riskParityPortfolio

Last updated on 2021-02-25 05:48:33 CET.

Flavor Version Tinstall Tcheck Ttotal Status Flags
r-devel-linux-x86_64-debian-clang 0.2.1 100.53 52.92 153.45 OK
r-devel-linux-x86_64-debian-gcc 0.2.1 67.28 43.02 110.30 OK
r-devel-linux-x86_64-fedora-clang 0.2.1 211.23 NOTE
r-devel-linux-x86_64-fedora-gcc 0.2.1 189.95 OK
r-devel-windows-ix86+x86_64 0.2.1 139.00 80.00 219.00 OK
r-patched-linux-x86_64 0.2.1 83.01 53.63 136.64 OK
r-patched-solaris-x86 0.2.1 180.20 OK
r-release-linux-x86_64 0.2.1 77.01 53.37 130.38 OK
r-release-macos-x86_64 0.2.1 NOTE
r-release-windows-ix86+x86_64 0.2.1 203.00 109.00 312.00 OK
r-oldrel-macos-x86_64 0.2.1 NOTE
r-oldrel-windows-ix86+x86_64 0.2.1 128.00 100.00 228.00 OK

Check Details

Version: 0.2.1
Check: installed package size
Result: NOTE
     installed size is 24.4Mb
     sub-directories of 1Mb or more:
     doc 1.4Mb
     libs 22.8Mb
Flavors: r-devel-linux-x86_64-fedora-clang, r-release-macos-x86_64, r-oldrel-macos-x86_64