CRAN Package Check Results for Package ricu

Last updated on 2021-03-03 06:47:14 CET.

Flavor Version Tinstall Tcheck Ttotal Status Flags
r-devel-linux-x86_64-debian-clang 0.1.3 NOTE
r-devel-linux-x86_64-debian-gcc 0.1.3 9.83 73.14 82.97 NOTE
r-devel-linux-x86_64-fedora-clang 0.1.3 137.31 NOTE
r-devel-linux-x86_64-fedora-gcc 0.1.3 126.05 NOTE
r-devel-windows-ix86+x86_64 0.1.3 24.00 99.00 123.00 NOTE
r-patched-linux-x86_64 0.1.3 11.82 91.28 103.10 NOTE
r-patched-solaris-x86 0.1.3 162.40 NOTE
r-release-linux-x86_64 0.1.3 11.30 89.62 100.92 NOTE
r-release-macos-x86_64 0.1.3 NOTE
r-release-windows-ix86+x86_64 0.1.3 18.00 90.00 108.00 WARN
r-oldrel-macos-x86_64 0.1.3 NOTE
r-oldrel-windows-ix86+x86_64 0.1.3 21.00 109.00 130.00 NOTE

Additional issues

MKL

Check Details

Version: 0.1.3
Check: package dependencies
Result: NOTE
    Packages suggested but not available for checking:
     'mimic.demo', 'eicu.demo'
Flavors: r-devel-linux-x86_64-debian-clang, r-devel-linux-x86_64-debian-gcc, r-devel-linux-x86_64-fedora-clang, r-devel-linux-x86_64-fedora-gcc, r-devel-windows-ix86+x86_64, r-patched-linux-x86_64, r-patched-solaris-x86, r-release-linux-x86_64, r-release-macos-x86_64, r-release-windows-ix86+x86_64, r-oldrel-macos-x86_64, r-oldrel-windows-ix86+x86_64

Version: 0.1.3
Check: re-building of vignette outputs
Result: WARN
    Error(s) in re-building vignettes:
    --- re-building 'uom.Rmd' using rmarkdown
    Quitting from lines 57-70 (uom.Rmd)
    Error: processing vignette 'uom.Rmd' failed with diagnostics:
    subscript out of bounds
    --- failed re-building 'uom.Rmd'
    
    SUMMARY: processing the following file failed:
     'uom.Rmd'
    
    Error: Vignette re-building failed.
    Execution halted
Flavor: r-release-windows-ix86+x86_64