CRAN Package Check Results for Package rgl

Last updated on 2021-01-19 05:48:14 CET.

Flavor Version Tinstall Tcheck Ttotal Status Flags
r-devel-linux-x86_64-debian-clang 0.104.16 68.34 182.28 250.62 OK
r-devel-linux-x86_64-debian-gcc 0.104.16 45.83 134.01 179.84 OK
r-devel-linux-x86_64-fedora-clang 0.104.16 338.72 NOTE
r-devel-linux-x86_64-fedora-gcc 0.104.16 298.60 OK
r-devel-windows-ix86+x86_64 0.104.16 258.00 233.00 491.00 NOTE
r-patched-linux-x86_64 0.104.16 53.40 169.51 222.91 OK
r-patched-solaris-x86 0.104.16 340.40 NOTE
r-release-linux-x86_64 0.104.16 54.13 170.23 224.36 OK
r-release-macos-x86_64 0.104.16 WARN
r-release-windows-ix86+x86_64 0.104.16 319.00 273.00 592.00 NOTE
r-oldrel-macos-x86_64 0.104.16 WARN
r-oldrel-windows-ix86+x86_64 0.104.16 194.00 208.00 402.00 NOTE

Check Details

Version: 0.104.16
Check: installed package size
Result: NOTE
     installed size is 9.4Mb
     sub-directories of 1Mb or more:
     doc 3.0Mb
     fonts 1.5Mb
     libs 2.7Mb
Flavors: r-devel-linux-x86_64-fedora-clang, r-devel-windows-ix86+x86_64, r-patched-solaris-x86, r-release-macos-x86_64, r-release-windows-ix86+x86_64, r-oldrel-macos-x86_64, r-oldrel-windows-ix86+x86_64

Version: 0.104.16
Check: re-building of vignette outputs
Result: WARN
    Error(s) in re-building vignettes:
     ...
    sh: line 1: 85690 Abort trap: 6 '/Library/Frameworks/R.framework/Resources/bin/R' --vanilla --no-echo > '/Volumes/Temp/tmp/RtmpOa8JY6/file14eae9475b34' 2>&1 < '/Volumes/Temp/tmp/RtmpOa8JY6/file14eae2bb4b7ae'
    --- re-building ‘WebGL.Rmd’ using rmarkdown
    Warning in engine$weave(file, quiet = quiet, encoding = enc) :
     Pandoc (>= 1.12.3) and/or pandoc-citeproc not available. Falling back to R Markdown v1.
    sh: line 1: 85714 Abort trap: 6 '/Library/Frameworks/R.framework/Resources/bin/R' --vanilla --no-echo > '/Volumes/Temp/tmp/RtmpOa8JY6/file14eae7f21407' 2>&1 < '/Volumes/Temp/tmp/RtmpOa8JY6/file14eae2600dba4'
    --- re-building ‘rgl.Rmd’ using rmarkdown
    Warning in engine$weave(file, quiet = quiet, encoding = enc) :
     Pandoc (>= 1.12.3) and/or pandoc-citeproc not available. Falling back to R Markdown v1.
    SUMMARY: processing the following files failed:
     ‘WebGL.Rmd’ ‘rgl.Rmd’
    
    Error: Vignette re-building failed.
    Execution halted
Flavor: r-release-macos-x86_64

Version: 0.104.16
Check: whether package can be installed
Result: WARN
    Found the following significant warnings:
     Warning: 'rgl.init' failed, running with 'rgl.useNULL = TRUE'.
Flavor: r-oldrel-macos-x86_64

Version: 0.104.16
Check: whether the namespace can be loaded with stated dependencies
Result: NOTE
    Warning: 'rgl.init' failed, running with 'rgl.useNULL = TRUE'.
    
    A namespace must be able to be loaded with just the base namespace
    loaded: otherwise if the namespace gets loaded by a saved object, the
    session will be unable to start.
    
    Probably some imports need to be declared in the NAMESPACE file.
Flavor: r-oldrel-macos-x86_64

Version: 0.104.16
Check: dependencies in R code
Result: NOTE
    No protocol specified
    No protocol specified
Flavor: r-oldrel-macos-x86_64