CRAN Package Check Results for Package rcdklibs

Last updated on 2021-03-07 05:48:54 CET.

Flavor Version Tinstall Tcheck Ttotal Status Flags
r-devel-linux-x86_64-debian-clang 2.3 5.81 35.30 41.11 OK
r-devel-linux-x86_64-debian-gcc 2.3 4.07 27.14 31.21 OK
r-devel-linux-x86_64-fedora-clang 2.3 57.48 NOTE
r-devel-linux-x86_64-fedora-gcc 2.3 48.44 OK
r-devel-windows-ix86+x86_64 2.3 12.00 45.00 57.00 NOTE
r-devel-windows-x86_64-gcc10-UCRT 2.3 OK
r-patched-linux-x86_64 2.3 5.16 33.63 38.79 OK
r-patched-solaris-x86 2.3 70.50 NOTE
r-release-linux-x86_64 2.3 6.56 33.83 40.39 OK
r-release-macos-x86_64 2.3 NOTE
r-release-windows-ix86+x86_64 2.3 9.00 41.00 50.00 NOTE
r-oldrel-macos-x86_64 2.3 NOTE
r-oldrel-windows-ix86+x86_64 2.3 8.00 37.00 45.00 NOTE

Check Details

Version: 2.3
Check: installed package size
Result: NOTE
     installed size is 25.9Mb
     sub-directories of 1Mb or more:
     cont 25.8Mb
Flavors: r-devel-linux-x86_64-fedora-clang, r-devel-windows-ix86+x86_64, r-patched-solaris-x86, r-release-macos-x86_64, r-release-windows-ix86+x86_64, r-oldrel-macos-x86_64, r-oldrel-windows-ix86+x86_64