CRAN Package Check Results for Package raceland

Last updated on 2025-01-17 05:49:21 CET.

Flavor Version Tinstall Tcheck Ttotal Status Flags
r-devel-linux-x86_64-debian-clang 1.2.1 47.74 123.08 170.82 OK
r-devel-linux-x86_64-debian-gcc 1.2.1 33.90 83.21 117.11 OK
r-devel-linux-x86_64-fedora-clang 1.2.1 306.79 NOTE
r-devel-linux-x86_64-fedora-gcc 1.2.1 303.91 NOTE
r-devel-windows-x86_64 1.2.1 51.00 143.00 194.00 OK
r-patched-linux-x86_64 1.2.1 51.30 112.90 164.20 OK
r-release-linux-x86_64 1.2.1 48.80 111.53 160.33 OK
r-release-macos-arm64 1.2.1 65.00 OK
r-release-macos-x86_64 1.2.1 105.00 OK
r-release-windows-x86_64 1.2.1 55.00 140.00 195.00 OK
r-oldrel-macos-arm64 1.2.1 86.00 OK
r-oldrel-macos-x86_64 1.2.1 131.00 OK
r-oldrel-windows-x86_64 1.2.1 62.00 174.00 236.00 OK

Check Details

Version: 1.2.1
Check: dependencies in R code
Result: NOTE Namespace in Imports field not imported from: ‘comat’ All declared Imports should be used. Flavors: r-devel-linux-x86_64-fedora-clang, r-devel-linux-x86_64-fedora-gcc