Last updated on 2021-02-27 05:48:35 CET.
Flavor | Version | Tinstall | Tcheck | Ttotal | Status | Flags |
---|---|---|---|---|---|---|
r-devel-linux-x86_64-debian-clang | 0.4.3 | 33.69 | 42.28 | 75.97 | NOTE | |
r-devel-linux-x86_64-debian-gcc | 0.4.3 | 22.97 | 33.74 | 56.71 | NOTE | |
r-devel-linux-x86_64-fedora-clang | 0.4.3 | 115.19 | NOTE | |||
r-devel-linux-x86_64-fedora-gcc | 0.4.3 | 99.69 | NOTE | |||
r-devel-windows-ix86+x86_64 | 0.4.3 | 63.00 | 69.00 | 132.00 | NOTE | |
r-patched-linux-x86_64 | 0.4.3 | 26.27 | 42.16 | 68.43 | NOTE | |
r-patched-solaris-x86 | 0.4.3 | 115.50 | WARN | |||
r-release-linux-x86_64 | 0.4.3 | 27.50 | 41.68 | 69.18 | NOTE | |
r-release-macos-x86_64 | 0.4.3 | WARN | ||||
r-release-windows-ix86+x86_64 | 0.4.3 | 82.00 | 87.00 | 169.00 | NOTE | |
r-oldrel-macos-x86_64 | 0.4.3 | WARN | ||||
r-oldrel-windows-ix86+x86_64 | 0.4.3 | 58.00 | 73.00 | 131.00 | NOTE |
Version: 0.4.3
Check: for GNU extensions in Makefiles
Result: NOTE
GNU make is a SystemRequirements.
Flavors: r-devel-linux-x86_64-debian-clang, r-devel-linux-x86_64-debian-gcc, r-devel-linux-x86_64-fedora-clang, r-devel-linux-x86_64-fedora-gcc, r-devel-windows-ix86+x86_64, r-patched-linux-x86_64, r-patched-solaris-x86, r-release-linux-x86_64, r-release-macos-x86_64, r-release-windows-ix86+x86_64, r-oldrel-macos-x86_64, r-oldrel-windows-ix86+x86_64
Version: 0.4.3
Check: re-building of vignette outputs
Result: WARN
Error(s) in re-building vignettes:
...
--- re-building ‘introduction.Rmd’ using rmarkdown
Warning in engine$weave(file, quiet = quiet, encoding = enc) :
Pandoc (>= 1.12.3) and/or pandoc-citeproc not available. Falling back to R Markdown v1.
Quitting from lines 83-117 (introduction.Rmd)
Error: processing vignette 'introduction.Rmd' failed with diagnostics:
invalid 'path' argument
--- failed re-building ‘introduction.Rmd’
SUMMARY: processing the following file failed:
‘introduction.Rmd’
Error: Vignette re-building failed.
Execution halted
Flavor: r-patched-solaris-x86
Version: 0.4.3
Check: re-building of vignette outputs
Result: WARN
Error(s) in re-building vignettes:
...
--- re-building ‘introduction.Rmd’ using rmarkdown
Warning in engine$weave(file, quiet = quiet, encoding = enc) :
Pandoc (>= 1.12.3) and/or pandoc-citeproc not available. Falling back to R Markdown v1.
Quitting from lines 83-117 (introduction.Rmd)
Error: processing vignette 'introduction.Rmd' failed with diagnostics:
cannot open the connection
--- failed re-building ‘introduction.Rmd’
SUMMARY: processing the following file failed:
‘introduction.Rmd’
Error: Vignette re-building failed.
Execution halted
Flavors: r-release-macos-x86_64, r-oldrel-macos-x86_64