Last updated on 2021-04-15 05:48:06 CEST.
Flavor | Version | Tinstall | Tcheck | Ttotal | Status | Flags |
---|---|---|---|---|---|---|
r-devel-linux-x86_64-debian-clang | 1.0.7 | 3.70 | 26.46 | 30.16 | OK | |
r-devel-linux-x86_64-debian-gcc | 1.0.7 | 3.47 | 20.57 | 24.04 | OK | |
r-devel-linux-x86_64-fedora-clang | 1.0.7 | 45.94 | NOTE | |||
r-devel-linux-x86_64-fedora-gcc | 1.0.7 | 36.07 | OK | |||
r-devel-windows-ix86+x86_64 | 1.0.7 | 8.00 | 35.00 | 43.00 | OK | |
r-devel-windows-x86_64-gcc10-UCRT | 1.0.7 | OK | ||||
r-patched-linux-x86_64 | 1.0.7 | 3.45 | 25.11 | 28.56 | OK | |
r-patched-solaris-x86 | 1.0.7 | 55.40 | OK | |||
r-release-linux-x86_64 | 1.0.7 | 3.89 | 24.79 | 28.68 | OK | |
r-release-macos-x86_64 | 1.0.7 | OK | ||||
r-release-windows-ix86+x86_64 | 1.0.7 | 8.00 | 32.00 | 40.00 | OK | |
r-oldrel-macos-x86_64 | 1.0.7 | OK | ||||
r-oldrel-windows-ix86+x86_64 | 1.0.7 | 7.00 | 49.00 | 56.00 | OK |
Version: 1.0.7
Check: Rd cross-references
Result: NOTE
Undeclared package ‘qdap’ in Rd xrefs
Flavor: r-devel-linux-x86_64-fedora-clang