CRAN Package Check Results for Package projects

Last updated on 2021-02-25 05:48:31 CET.

Flavor Version Tinstall Tcheck Ttotal Status Flags
r-devel-linux-x86_64-debian-clang 2.1.1 5.07 54.20 59.27 OK
r-devel-linux-x86_64-debian-gcc 2.1.1 3.94 40.96 44.90 OK
r-devel-linux-x86_64-fedora-clang 2.1.1 77.64 NOTE
r-devel-linux-x86_64-fedora-gcc 2.1.1 67.70 NOTE
r-devel-windows-ix86+x86_64 2.1.1 11.00 57.00 68.00 OK
r-patched-linux-x86_64 2.1.1 5.47 51.46 56.93 OK
r-patched-solaris-x86 2.1.1 91.50 NOTE
r-release-linux-x86_64 2.1.1 4.87 49.87 54.74 OK
r-release-macos-x86_64 2.1.1 NOTE
r-release-windows-ix86+x86_64 2.1.1 12.00 65.00 77.00 OK
r-oldrel-macos-x86_64 2.1.1 NOTE
r-oldrel-windows-ix86+x86_64 2.1.1 7.00 73.00 80.00 OK

Check Details

Version: 2.1.1
Check: dependencies in R code
Result: NOTE
    Namespace in Imports field not imported from: ‘methods’
     All declared Imports should be used.
Flavors: r-devel-linux-x86_64-fedora-clang, r-devel-linux-x86_64-fedora-gcc, r-patched-solaris-x86, r-release-macos-x86_64, r-oldrel-macos-x86_64