Last updated on 2021-04-20 05:47:44 CEST.
Flavor | Version | Tinstall | Tcheck | Ttotal | Status | Flags |
---|---|---|---|---|---|---|
r-devel-linux-x86_64-debian-clang | 0.1.2 | 8.03 | 63.51 | 71.54 | OK | |
r-devel-linux-x86_64-debian-gcc | 0.1.2 | 6.27 | 48.16 | 54.43 | OK | |
r-devel-linux-x86_64-fedora-clang | 0.1.2 | 99.44 | NOTE | |||
r-devel-linux-x86_64-fedora-gcc | 0.1.2 | 83.83 | NOTE | |||
r-devel-windows-ix86+x86_64 | 0.1.2 | 13.00 | 60.00 | 73.00 | OK | |
r-devel-windows-x86_64-gcc10-UCRT | 0.1.2 | NOTE | ||||
r-patched-linux-x86_64 | 0.1.2 | 7.16 | 59.14 | 66.30 | OK | |
r-patched-solaris-x86 | 0.1.2 | 139.10 | NOTE | |||
r-release-linux-x86_64 | 0.1.2 | 7.10 | 59.76 | 66.86 | OK | |
r-release-macos-x86_64 | 0.1.2 | NOTE | ||||
r-release-windows-ix86+x86_64 | 0.1.2 | 17.00 | 67.00 | 84.00 | OK | |
r-oldrel-macos-x86_64 | 0.1.2 | NOTE | ||||
r-oldrel-windows-ix86+x86_64 | 0.1.2 | 11.00 | 75.00 | 86.00 | OK |
Version: 0.1.2
Check: data for non-ASCII characters
Result: NOTE
Note: found 2 marked UTF-8 strings
Flavors: r-devel-linux-x86_64-fedora-clang, r-devel-linux-x86_64-fedora-gcc, r-devel-windows-x86_64-gcc10-UCRT, r-patched-solaris-x86, r-release-macos-x86_64, r-oldrel-macos-x86_64