Last updated on 2021-03-08 05:47:37 CET.
Flavor | Version | Tinstall | Tcheck | Ttotal | Status | Flags |
---|---|---|---|---|---|---|
r-devel-linux-x86_64-debian-clang | 1.0.5 | 9.31 | 87.16 | 96.47 | OK | |
r-devel-linux-x86_64-debian-gcc | 1.0.5 | 7.10 | 63.28 | 70.38 | OK | |
r-devel-linux-x86_64-fedora-clang | 1.0.5 | 120.47 | NOTE | |||
r-devel-linux-x86_64-fedora-gcc | 1.0.5 | 110.55 | NOTE | |||
r-devel-windows-ix86+x86_64 | 1.0.5 | 24.00 | 107.00 | 131.00 | OK | |
r-devel-windows-x86_64-gcc10-UCRT | 1.0.5 | NOTE | ||||
r-patched-linux-x86_64 | 1.0.5 | 8.12 | 79.02 | 87.14 | OK | |
r-patched-solaris-x86 | 1.0.5 | 152.30 | NOTE | |||
r-release-linux-x86_64 | 1.0.5 | 9.16 | 79.46 | 88.62 | OK | |
r-release-macos-x86_64 | 1.0.5 | NOTE | ||||
r-release-windows-ix86+x86_64 | 1.0.5 | 21.00 | 105.00 | 126.00 | OK | |
r-oldrel-macos-x86_64 | 1.0.5 | NOTE | ||||
r-oldrel-windows-ix86+x86_64 | 1.0.5 | 15.00 | 106.00 | 121.00 | OK |
Version: 1.0.5
Check: dependencies in R code
Result: NOTE
Namespace in Imports field not imported from: ‘RCurl’
All declared Imports should be used.
Flavors: r-devel-linux-x86_64-fedora-clang, r-devel-linux-x86_64-fedora-gcc, r-devel-windows-x86_64-gcc10-UCRT, r-patched-solaris-x86, r-release-macos-x86_64, r-oldrel-macos-x86_64