Last updated on 2021-03-02 05:47:49 CET.
Flavor | Version | Tinstall | Tcheck | Ttotal | Status | Flags |
---|---|---|---|---|---|---|
r-devel-linux-x86_64-debian-clang | 3.2 | OK | ||||
r-devel-linux-x86_64-debian-gcc | 3.2 | 20.35 | 82.15 | 102.50 | OK | |
r-devel-linux-x86_64-fedora-clang | 3.2 | 174.98 | OK | |||
r-devel-linux-x86_64-fedora-gcc | 3.2 | 161.45 | OK | |||
r-devel-windows-ix86+x86_64 | 3.2 | 55.00 | 183.00 | 238.00 | OK | |
r-patched-linux-x86_64 | 3.2 | 23.37 | 103.54 | 126.91 | OK | |
r-patched-solaris-x86 | 3.2 | 219.40 | OK | |||
r-release-linux-x86_64 | 3.2 | 22.35 | 102.95 | 125.30 | OK | |
r-release-macos-x86_64 | 3.2 | OK | ||||
r-release-windows-ix86+x86_64 | 3.2 | 73.00 | 230.00 | 303.00 | OK | |
r-oldrel-macos-x86_64 | 3.2 | ERROR | ||||
r-oldrel-windows-ix86+x86_64 | 2.8 | 70.00 | 237.00 | 307.00 | OK |
Version: 3.2
Check: whether package can be installed
Result: ERROR
Installation failed.
Flavor: r-oldrel-macos-x86_64