CRAN Package Check Results for Package pkgmaker

Last updated on 2021-04-20 05:47:43 CEST.

Flavor Version Tinstall Tcheck Ttotal Status Flags
r-devel-linux-x86_64-debian-clang 0.32.2 8.52 61.87 70.39 OK
r-devel-linux-x86_64-debian-gcc 0.32.2 7.83 47.80 55.63 OK
r-devel-linux-x86_64-fedora-clang 0.32.2 99.84 OK
r-devel-linux-x86_64-fedora-gcc 0.32.2 88.00 OK
r-devel-windows-ix86+x86_64 0.32.2 17.00 65.00 82.00 OK
r-devel-windows-x86_64-gcc10-UCRT 0.32.2 OK
r-patched-linux-x86_64 0.32.2 10.74 57.81 68.55 WARN
r-patched-solaris-x86 0.32.2 115.20 OK
r-release-linux-x86_64 0.32.2 7.72 57.73 65.45 OK
r-release-macos-x86_64 0.32.2 OK
r-release-windows-ix86+x86_64 0.32.2 17.00 69.00 86.00 OK
r-oldrel-macos-x86_64 0.32.2 OK
r-oldrel-windows-ix86+x86_64 0.32.2 11.00 77.00 88.00 OK

Check Details

Version: 0.32.2
Check: whether package can be installed
Result: WARN
    Found the following significant warnings:
     Rd warning: /tmp/Rtmp9UulMd/R.INSTALL34f5ee8da62/pkgmaker/man/messagef.Rd:25: file link ‘getOption’ in package ‘base’ does not exist and so has been treated as a topic
     Rd warning: /tmp/Rtmp9UulMd/R.INSTALL34f5ee8da62/pkgmaker/man/packages.Rd:29: file link ‘.libPaths’ in package ‘base’ does not exist and so has been treated as a topic
     Rd warning: /tmp/Rtmp9UulMd/R.INSTALL34f5ee8da62/pkgmaker/man/source_files.Rd:12: file link ‘regular expression’ in package ‘base’ does not exist and so has been treated as a topic
Flavor: r-patched-linux-x86_64