Last updated on 2021-01-26 05:48:25 CET.
Flavor | Version | Tinstall | Tcheck | Ttotal | Status | Flags |
---|---|---|---|---|---|---|
r-devel-linux-x86_64-debian-clang | 0.1.4 | 82.70 | 78.99 | 161.69 | OK | |
r-devel-linux-x86_64-debian-gcc | 0.1.4 | 61.91 | 60.87 | 122.78 | OK | |
r-devel-linux-x86_64-fedora-clang | 0.1.4 | 227.81 | NOTE | |||
r-devel-linux-x86_64-fedora-gcc | 0.1.4 | 209.49 | OK | |||
r-devel-windows-ix86+x86_64 | 0.1.4 | 185.00 | 145.00 | 330.00 | NOTE | |
r-patched-linux-x86_64 | 0.1.4 | 71.47 | 74.69 | 146.16 | OK | |
r-patched-solaris-x86 | 0.1.4 | 222.60 | NOTE | |||
r-release-linux-x86_64 | 0.1.4 | 73.18 | 75.24 | 148.42 | OK | |
r-release-macos-x86_64 | 0.1.4 | NOTE | ||||
r-release-windows-ix86+x86_64 | 0.1.4 | 186.00 | 132.00 | 318.00 | NOTE | |
r-oldrel-macos-x86_64 | 0.1.4 | NOTE | ||||
r-oldrel-windows-ix86+x86_64 | 0.1.4 | 150.00 | 137.00 | 287.00 | NOTE |
Version: 0.1.4
Check: installed package size
Result: NOTE
installed size is 12.2Mb
sub-directories of 1Mb or more:
doc 3.6Mb
libs 7.6Mb
Flavors: r-devel-linux-x86_64-fedora-clang, r-devel-windows-ix86+x86_64, r-patched-solaris-x86, r-release-macos-x86_64, r-release-windows-ix86+x86_64, r-oldrel-macos-x86_64, r-oldrel-windows-ix86+x86_64