CRAN Package Check Results for Package optmatch

Last updated on 2023-11-28 05:51:59 CET.

Flavor Version Tinstall Tcheck Ttotal Status Flags
r-devel-linux-x86_64-debian-clang 0.10.7 54.49 258.33 312.82 NOTE
r-devel-linux-x86_64-debian-gcc 0.10.7 39.86 191.60 231.46 NOTE
r-devel-linux-x86_64-fedora-clang 0.10.7 402.67 NOTE
r-devel-linux-x86_64-fedora-gcc 0.10.7 407.53 NOTE
r-devel-windows-x86_64 0.10.7 47.00 215.00 262.00 NOTE
r-patched-linux-x86_64 0.10.7 51.46 245.14 296.60 NOTE
r-release-linux-x86_64 0.10.7 43.67 241.54 285.21 NOTE
r-release-macos-arm64 0.10.7 250.00 NOTE
r-release-macos-x86_64 0.10.7 379.00 NOTE
r-release-windows-x86_64 0.10.7 66.00 290.00 356.00 NOTE
r-oldrel-macos-arm64 0.10.7 101.00 NOTE
r-oldrel-macos-x86_64 0.10.6 157.00 NOTE
r-oldrel-windows-x86_64 0.10.7 57.00 258.00 315.00 NOTE

Check Details

Version: 0.10.7
Check: package dependencies
Result: NOTE Package suggested but not available for checking: ‘rrelaxiv’ Flavors: r-devel-linux-x86_64-debian-clang, r-devel-linux-x86_64-debian-gcc, r-devel-linux-x86_64-fedora-clang, r-devel-linux-x86_64-fedora-gcc, r-devel-windows-x86_64, r-patched-linux-x86_64, r-release-linux-x86_64, r-release-macos-arm64, r-release-macos-x86_64, r-release-windows-x86_64, r-oldrel-macos-arm64, r-oldrel-windows-x86_64

Version: 0.10.6
Check: package dependencies
Result: NOTE Package suggested but not available for checking: ‘rrelaxiv’ Flavor: r-oldrel-macos-x86_64