CRAN Package Check Results for Package obliqueRSF

Last updated on 2021-04-15 05:48:03 CEST.

Flavor Version Tinstall Tcheck Ttotal Status Flags
r-devel-linux-x86_64-debian-clang 0.1.1 53.93 99.40 153.33 NOTE
r-devel-linux-x86_64-debian-gcc 0.1.1 38.44 75.22 113.66 NOTE
r-devel-linux-x86_64-fedora-clang 0.1.1 198.78 NOTE
r-devel-linux-x86_64-fedora-gcc 0.1.1 196.38 NOTE
r-devel-windows-ix86+x86_64 0.1.1 121.00 147.00 268.00 NOTE
r-devel-windows-x86_64-gcc10-UCRT 0.1.1 NOTE
r-patched-linux-x86_64 0.1.1 45.71 93.31 139.02 OK
r-patched-solaris-x86 0.1.1 238.50 OK
r-release-linux-x86_64 0.1.1 45.16 93.29 138.45 OK
r-release-macos-x86_64 0.1.1 OK
r-release-windows-ix86+x86_64 0.1.1 129.00 176.00 305.00 OK
r-oldrel-macos-x86_64 0.1.1 OK
r-oldrel-windows-ix86+x86_64 0.1.1 77.00 122.00 199.00 OK

Check Details

Version: 0.1.1
Check: LazyData
Result: NOTE
     'LazyData' is specified without a 'data' directory
Flavors: r-devel-linux-x86_64-debian-clang, r-devel-linux-x86_64-debian-gcc, r-devel-linux-x86_64-fedora-clang, r-devel-linux-x86_64-fedora-gcc, r-devel-windows-ix86+x86_64, r-devel-windows-x86_64-gcc10-UCRT