CRAN Package Check Results for Package nvmix

Last updated on 2023-11-28 05:51:58 CET.

Flavor Version Tinstall Tcheck Ttotal Status Flags
r-devel-linux-x86_64-debian-clang 0.1-0 16.67 193.50 210.17 OK
r-devel-linux-x86_64-debian-gcc 0.1-0 13.33 139.81 153.14 OK
r-devel-linux-x86_64-fedora-clang 0.1-0 256.50 OK
r-devel-linux-x86_64-fedora-gcc 0.1-0 262.00 OK
r-devel-windows-x86_64 0.1-0 19.00 191.00 210.00 OK
r-patched-linux-x86_64 0.1-0 19.57 185.42 204.99 WARN
r-release-linux-x86_64 0.1-0 19.99 186.13 206.12 WARN
r-release-macos-arm64 0.1-0 87.00 OK
r-release-macos-x86_64 0.1-0 141.00 OK
r-release-windows-x86_64 0.1-0 24.00 220.00 244.00 WARN
r-oldrel-macos-arm64 0.1-0 76.00 OK
r-oldrel-macos-x86_64 0.1-0 96.00 OK
r-oldrel-windows-x86_64 0.1-0 23.00 220.00 243.00 OK

Check Details

Version: 0.1-0
Check: data for ASCII and uncompressed saves
Result: WARN Note: significantly better compression could be obtained by using R CMD build --resave-data old_size new_size compress numerical_experiments_data.RData 1.3Mb 1.2Mb xz Flavors: r-patched-linux-x86_64, r-release-linux-x86_64, r-release-windows-x86_64