CRAN Package Check Results for Package np

Last updated on 2021-04-20 05:47:41 CEST.

Flavor Version Tinstall Tcheck Ttotal Status Flags
r-devel-linux-x86_64-debian-clang 0.60-10 61.70 468.88 530.58 OK
r-devel-linux-x86_64-debian-gcc 0.60-10 47.14 339.70 386.84 OK
r-devel-linux-x86_64-fedora-clang 0.60-10 650.46 NOTE
r-devel-linux-x86_64-fedora-gcc 0.60-10 648.03 OK
r-devel-windows-ix86+x86_64 0.60-10 119.00 158.00 277.00 OK --no-examples --no-tests --no-vignettes
r-devel-windows-x86_64-gcc10-UCRT 0.60-10 OK
r-patched-linux-x86_64 0.60-10 62.07 441.79 503.86 WARN
r-patched-solaris-x86 0.60-10 960.60 OK
r-release-linux-x86_64 0.60-10 60.58 439.93 500.51 OK
r-release-macos-x86_64 0.60-10 OK
r-release-windows-ix86+x86_64 0.60-10 127.00 204.00 331.00 OK --no-examples --no-tests --no-vignettes
r-oldrel-macos-x86_64 0.60-10 OK
r-oldrel-windows-ix86+x86_64 0.60-10 88.00 190.00 278.00 OK --no-examples --no-tests --no-vignettes

Additional issues

clang-UBSAN

Check Details

Version: 0.60-10
Check: Rd cross-references
Result: NOTE
    Undeclared packages ‘logspline’, ‘ks’ in Rd xrefs
Flavor: r-devel-linux-x86_64-fedora-clang

Version: 0.60-10
Check: whether package can be installed
Result: WARN
    Found the following significant warnings:
     Rd warning: /tmp/Rtmp3hCcau/R.INSTALL521a4a8ed1eb/np/man/np.quantile.Rd:154: file link ‘qlogspline’ in package ‘logspline’ does not exist and so has been treated as a topic
     Rd warning: /tmp/Rtmp3hCcau/R.INSTALL521a4a8ed1eb/np/man/np.quantile.Rd:155: file link ‘qkde’ in package ‘ks’ does not exist and so has been treated as a topic
Flavor: r-patched-linux-x86_64