Last updated on 2021-02-26 05:48:33 CET.
Flavor | Version | Tinstall | Tcheck | Ttotal | Status | Flags |
---|---|---|---|---|---|---|
r-devel-linux-x86_64-debian-clang | 0.4.1 | 6.35 | 74.04 | 80.39 | OK | |
r-devel-linux-x86_64-debian-gcc | 0.4.1 | 5.36 | 56.04 | 61.40 | OK | |
r-devel-linux-x86_64-fedora-clang | 0.4.1 | 111.05 | NOTE | |||
r-devel-linux-x86_64-fedora-gcc | 0.4.1 | 101.60 | NOTE | |||
r-devel-windows-ix86+x86_64 | 0.4.1 | 16.00 | 100.00 | 116.00 | OK | |
r-patched-linux-x86_64 | 0.4.1 | 6.67 | 69.79 | 76.46 | OK | |
r-patched-solaris-x86 | 0.4.1 | 130.90 | NOTE | |||
r-release-linux-x86_64 | 0.4.1 | 6.96 | 69.82 | 76.78 | OK | |
r-release-macos-x86_64 | 0.4.1 | NOTE | ||||
r-release-windows-ix86+x86_64 | 0.4.1 | 24.00 | 134.00 | 158.00 | OK | |
r-oldrel-macos-x86_64 | 0.4.1 | NOTE | ||||
r-oldrel-windows-ix86+x86_64 | 0.4.1 | 13.00 | 127.00 | 140.00 | OK |
Version: 0.4.1
Check: dependencies in R code
Result: NOTE
Namespaces in Imports field not imported from:
‘lwgeom’ ‘s2’
All declared Imports should be used.
Flavors: r-devel-linux-x86_64-fedora-clang, r-devel-linux-x86_64-fedora-gcc, r-patched-solaris-x86, r-release-macos-x86_64, r-oldrel-macos-x86_64