Last updated on 2021-04-20 05:47:41 CEST.
Flavor | Version | Tinstall | Tcheck | Ttotal | Status | Flags |
---|---|---|---|---|---|---|
r-devel-linux-x86_64-debian-clang | 0.3.1 | 5.10 | 50.77 | 55.87 | NOTE | |
r-devel-linux-x86_64-debian-gcc | 0.3.1 | 3.18 | 38.64 | 41.82 | NOTE | |
r-devel-linux-x86_64-fedora-clang | 0.3.1 | 78.73 | NOTE | |||
r-devel-linux-x86_64-fedora-gcc | 0.3.1 | 64.23 | NOTE | |||
r-devel-windows-ix86+x86_64 | 0.3.1 | 12.00 | 54.00 | 66.00 | NOTE | |
r-devel-windows-x86_64-gcc10-UCRT | 0.3.1 | NOTE | ||||
r-patched-linux-x86_64 | 0.3.1 | 5.58 | 48.42 | 54.00 | OK | |
r-patched-solaris-x86 | 0.3.1 | 94.10 | OK | |||
r-release-linux-x86_64 | 0.3.1 | 5.05 | 48.11 | 53.16 | OK | |
r-release-macos-x86_64 | 0.3.1 | OK | ||||
r-release-windows-ix86+x86_64 | 0.3.1 | 10.00 | 59.00 | 69.00 | OK | |
r-oldrel-macos-x86_64 | 0.3.1 | OK | ||||
r-oldrel-windows-ix86+x86_64 | 0.3.1 | 6.00 | 67.00 | 73.00 | OK |
Version: 0.3.1
Check: LazyData
Result: NOTE
'LazyData' is specified without a 'data' directory
Flavors: r-devel-linux-x86_64-debian-clang, r-devel-linux-x86_64-debian-gcc, r-devel-linux-x86_64-fedora-clang, r-devel-linux-x86_64-fedora-gcc, r-devel-windows-ix86+x86_64, r-devel-windows-x86_64-gcc10-UCRT