CRAN Package Check Results for Package ncdf4

Last updated on 2021-04-11 05:48:01 CEST.

Flavor Version Tinstall Tcheck Ttotal Status Flags
r-devel-linux-x86_64-debian-clang 1.17 8.75 38.35 47.10 OK
r-devel-linux-x86_64-debian-gcc 1.17 6.16 29.03 35.19 OK
r-devel-linux-x86_64-fedora-clang 1.17 66.44 OK
r-devel-linux-x86_64-fedora-gcc 1.17 53.57 OK
r-devel-windows-ix86+x86_64 1.17 20.00 77.00 97.00 NOTE
r-devel-windows-x86_64-gcc10-UCRT 1.17 OK
r-patched-linux-x86_64 1.17 9.29 35.58 44.87 OK
r-patched-solaris-x86 1.17 70.00 OK
r-release-linux-x86_64 1.17 7.33 35.63 42.96 OK
r-release-macos-x86_64 1.17 NOTE
r-release-windows-ix86+x86_64 1.17 17.00 69.00 86.00 NOTE
r-oldrel-macos-x86_64 1.17 NOTE
r-oldrel-windows-ix86+x86_64 1.17 27.00 98.00 125.00 NOTE

Check Details

Version: 1.17
Check: installed package size
Result: NOTE
     installed size is 8.7Mb
     sub-directories of 1Mb or more:
     libs 8.4Mb
Flavors: r-devel-windows-ix86+x86_64, r-release-macos-x86_64, r-release-windows-ix86+x86_64, r-oldrel-macos-x86_64, r-oldrel-windows-ix86+x86_64