CRAN Package Check Results for Package mutoss

Last updated on 2021-04-15 05:48:03 CEST.

Flavor Version Tinstall Tcheck Ttotal Status Flags
r-devel-linux-x86_64-debian-clang 0.1-12 15.59 123.12 138.71 OK
r-devel-linux-x86_64-debian-gcc 0.1-12 12.63 94.84 107.47 OK
r-devel-linux-x86_64-fedora-clang 0.1-12 175.96 OK
r-devel-linux-x86_64-fedora-gcc 0.1-12 165.39 OK
r-devel-windows-ix86+x86_64 0.1-12 27.00 5.00 32.00 ERROR
r-devel-windows-x86_64-gcc10-UCRT 0.1-12 OK
r-patched-linux-x86_64 0.1-12 12.92 115.86 128.78 OK
r-patched-solaris-x86 0.1-12 230.50 OK
r-release-linux-x86_64 0.1-12 13.72 114.75 128.47 OK
r-release-macos-x86_64 0.1-12 OK
r-release-windows-ix86+x86_64 0.1-12 28.00 158.00 186.00 OK
r-oldrel-macos-x86_64 0.1-12 OK
r-oldrel-windows-ix86+x86_64 0.1-12 25.00 110.00 135.00 OK

Check Details

Version: 0.1-12
Check: whether package can be installed
Result: ERROR
    Installation failed.
    See for details.
    *
Flavor: r-devel-windows-ix86+x86_64