Last updated on 2021-02-25 05:48:28 CET.
Flavor | Version | Tinstall | Tcheck | Ttotal | Status | Flags |
---|---|---|---|---|---|---|
r-devel-linux-x86_64-debian-clang | 0.1-12 | 2.93 | 27.74 | 30.67 | OK | |
r-devel-linux-x86_64-debian-gcc | 0.1-12 | 2.35 | 22.55 | 24.90 | OK | |
r-devel-linux-x86_64-fedora-clang | 0.1-12 | 47.51 | OK | |||
r-devel-linux-x86_64-fedora-gcc | 0.1-12 | 37.38 | OK | |||
r-devel-windows-ix86+x86_64 | 0.1-12 | 5.00 | 33.00 | 38.00 | OK | |
r-patched-linux-x86_64 | 0.1-12 | 2.97 | 27.60 | 30.57 | OK | |
r-patched-solaris-x86 | 0.1-12 | 59.20 | OK | |||
r-release-linux-x86_64 | 0.1-12 | 2.94 | 27.89 | 30.83 | OK | |
r-release-macos-x86_64 | 0.1-12 | OK | ||||
r-release-windows-ix86+x86_64 | 0.1-12 | 18.00 | 5.00 | 23.00 | ERROR | |
r-oldrel-macos-x86_64 | 0.1-12 | OK | ||||
r-oldrel-windows-ix86+x86_64 | 0.1-12 | 4.00 | 41.00 | 45.00 | OK |
Version: 0.1-12
Check: whether package can be installed
Result: ERROR
Installation failed.
Flavor: r-release-windows-ix86+x86_64