Last updated on 2021-03-07 05:48:50 CET.
Flavor | Version | Tinstall | Tcheck | Ttotal | Status | Flags |
---|---|---|---|---|---|---|
r-devel-linux-x86_64-debian-clang | 0.1.4 | 404.43 | 59.63 | 464.06 | OK | |
r-devel-linux-x86_64-debian-gcc | 0.1.4 | 272.63 | 45.06 | 317.69 | OK | |
r-devel-linux-x86_64-fedora-clang | 0.1.4 | 635.12 | NOTE | |||
r-devel-linux-x86_64-fedora-gcc | 0.1.4 | 601.74 | OK | |||
r-devel-windows-ix86+x86_64 | 0.1.4 | 858.00 | 194.00 | 1052.00 | NOTE | |
r-devel-windows-x86_64-gcc10-UCRT | 0.1.4 | OK | ||||
r-patched-linux-x86_64 | 0.1.4 | 320.53 | 57.08 | 377.61 | OK | |
r-patched-solaris-x86 | 0.1.4 | 457.40 | OK | |||
r-release-linux-x86_64 | 0.1.4 | 324.47 | 57.27 | 381.74 | OK | |
r-release-macos-x86_64 | 0.1.4 | NOTE | ||||
r-release-windows-ix86+x86_64 | 0.1.4 | 674.00 | 157.00 | 831.00 | NOTE | |
r-oldrel-macos-x86_64 | 0.1.4 | NOTE | ||||
r-oldrel-windows-ix86+x86_64 | 0.1.4 | 631.00 | 161.00 | 792.00 | NOTE |
Version: 0.1.4
Check: installed package size
Result: NOTE
installed size is 19.3Mb
sub-directories of 1Mb or more:
help 1.0Mb
libs 18.1Mb
Flavors: r-devel-linux-x86_64-fedora-clang, r-devel-windows-ix86+x86_64, r-release-macos-x86_64, r-release-windows-ix86+x86_64, r-oldrel-macos-x86_64, r-oldrel-windows-ix86+x86_64