Last updated on 2021-03-03 06:47:09 CET.
Flavor | Version | Tinstall | Tcheck | Ttotal | Status | Flags |
---|---|---|---|---|---|---|
r-devel-linux-x86_64-debian-clang | 0.3.0 | OK | ||||
r-devel-linux-x86_64-debian-gcc | 0.3.0 | 56.29 | 114.74 | 171.03 | OK | |
r-devel-linux-x86_64-fedora-clang | 0.3.0 | 325.32 | NOTE | |||
r-devel-linux-x86_64-fedora-gcc | 0.3.0 | 301.39 | NOTE | |||
r-devel-windows-ix86+x86_64 | 0.3.0 | 174.00 | 346.00 | 520.00 | OK | |
r-patched-linux-x86_64 | 0.3.0 | 67.17 | 146.88 | 214.05 | OK | |
r-patched-solaris-x86 | 0.3.0 | 381.10 | NOTE | |||
r-release-linux-x86_64 | 0.3.0 | 68.58 | 149.01 | 217.59 | OK | |
r-release-macos-x86_64 | 0.3.0 | NOTE | ||||
r-release-windows-ix86+x86_64 | 0.3.0 | 129.00 | 253.00 | 382.00 | OK | |
r-oldrel-macos-x86_64 | 0.3.0 | NOTE | ||||
r-oldrel-windows-ix86+x86_64 | 0.3.0 | 157.00 | 297.00 | 454.00 | OK |
Version: 0.3.0
Check: dependencies in R code
Result: NOTE
Namespaces in Imports field not imported from:
‘corrplot’ ‘sbm’
All declared Imports should be used.
Flavors: r-devel-linux-x86_64-fedora-clang, r-devel-linux-x86_64-fedora-gcc, r-patched-solaris-x86, r-release-macos-x86_64, r-oldrel-macos-x86_64