Last updated on 2021-02-27 05:48:31 CET.
Flavor | Version | Tinstall | Tcheck | Ttotal | Status | Flags |
---|---|---|---|---|---|---|
r-devel-linux-x86_64-debian-clang | 0.2.4 | 15.90 | 80.34 | 96.24 | OK | |
r-devel-linux-x86_64-debian-gcc | 0.2.4 | 13.84 | 61.79 | 75.63 | OK | |
r-devel-linux-x86_64-fedora-clang | 0.2.4 | 127.41 | NOTE | |||
r-devel-linux-x86_64-fedora-gcc | 0.2.4 | 114.71 | NOTE | |||
r-devel-windows-ix86+x86_64 | 0.2.4 | 25.00 | 82.00 | 107.00 | NOTE | |
r-patched-linux-x86_64 | 0.2.4 | 15.59 | 75.66 | 91.25 | OK | |
r-patched-solaris-x86 | 0.2.4 | 200.60 | NOTE | |||
r-release-linux-x86_64 | 0.2.4 | 16.19 | 77.99 | 94.18 | OK | |
r-release-macos-x86_64 | 0.2.4 | NOTE | ||||
r-release-windows-ix86+x86_64 | 0.2.4 | 34.00 | 115.00 | 149.00 | NOTE | |
r-oldrel-macos-x86_64 | 0.2.4 | NOTE | ||||
r-oldrel-windows-ix86+x86_64 | 0.2.4 | 24.00 | 93.00 | 117.00 | NOTE |
Version: 0.2.4
Check: installed package size
Result: NOTE
installed size is 6.5Mb
sub-directories of 1Mb or more:
data 6.2Mb
Flavors: r-devel-linux-x86_64-fedora-clang, r-devel-windows-ix86+x86_64, r-patched-solaris-x86, r-release-macos-x86_64, r-release-windows-ix86+x86_64, r-oldrel-macos-x86_64, r-oldrel-windows-ix86+x86_64
Version: 0.2.4
Check: data for non-ASCII characters
Result: NOTE
Note: found 2866 marked UTF-8 strings
Flavors: r-devel-linux-x86_64-fedora-clang, r-devel-linux-x86_64-fedora-gcc, r-patched-solaris-x86, r-release-macos-x86_64, r-oldrel-macos-x86_64