CRAN Package Check Results for Package mcb

Last updated on 2021-03-07 05:48:49 CET.

Flavor Version Tinstall Tcheck Ttotal Status Flags
r-devel-linux-x86_64-debian-clang 0.1.15 9.76 131.72 141.48 OK
r-devel-linux-x86_64-debian-gcc 0.1.15 8.05 95.99 104.04 OK
r-devel-linux-x86_64-fedora-clang 0.1.15 171.91 NOTE
r-devel-linux-x86_64-fedora-gcc 0.1.15 163.36 NOTE
r-devel-windows-ix86+x86_64 0.1.15 24.00 169.00 193.00 OK
r-devel-windows-x86_64-gcc10-UCRT 0.1.15 NOTE
r-patched-linux-x86_64 0.1.15 7.58 122.45 130.03 OK
r-patched-solaris-x86 0.1.15 229.80 NOTE
r-release-linux-x86_64 0.1.15 9.68 122.46 132.14 OK
r-release-macos-x86_64 0.1.15 NOTE
r-release-windows-ix86+x86_64 0.1.15 17.00 113.00 130.00 OK
r-oldrel-macos-x86_64 0.1.15 NOTE
r-oldrel-windows-ix86+x86_64 0.1.15 14.00 100.00 114.00 OK

Check Details

Version: 0.1.15
Check: dependencies in R code
Result: NOTE
    Namespaces in Imports field not imported from:
     ‘MASS’ ‘lars’ ‘methods’ ‘parallel’ ‘smoothmest’
     All declared Imports should be used.
Flavors: r-devel-linux-x86_64-fedora-clang, r-devel-linux-x86_64-fedora-gcc, r-devel-windows-x86_64-gcc10-UCRT, r-patched-solaris-x86, r-release-macos-x86_64, r-oldrel-macos-x86_64

Version: 0.1.15
Check: package dependencies
Result: NOTE
    Package suggested but not available for checking: ‘flare’
Flavor: r-release-macos-x86_64