Last updated on 2021-02-27 05:48:30 CET.
Flavor | Version | Tinstall | Tcheck | Ttotal | Status | Flags |
---|---|---|---|---|---|---|
r-devel-linux-x86_64-debian-clang | 1.2.6 | 33.40 | 208.44 | 241.84 | OK | |
r-devel-linux-x86_64-debian-gcc | 1.2.6 | 25.08 | 155.68 | 180.76 | OK | |
r-devel-linux-x86_64-fedora-clang | 1.2.6 | 297.96 | NOTE | |||
r-devel-linux-x86_64-fedora-gcc | 1.2.6 | 285.38 | NOTE | |||
r-devel-windows-ix86+x86_64 | 1.2.6 | 62.00 | 215.00 | 277.00 | OK | |
r-patched-linux-x86_64 | 1.2.6 | 30.63 | 193.13 | 223.76 | OK | |
r-patched-solaris-x86 | 1.2.6 | 444.30 | NOTE | |||
r-release-linux-x86_64 | 1.2.6 | 28.92 | 194.75 | 223.67 | OK | |
r-release-macos-x86_64 | 1.2.6 | NOTE | ||||
r-release-windows-ix86+x86_64 | 1.2.6 | 81.00 | 302.00 | 383.00 | OK | |
r-oldrel-macos-x86_64 | 1.2.6 | NOTE | ||||
r-oldrel-windows-ix86+x86_64 | 1.2.6 | 57.00 | 238.00 | 295.00 | OK |
Version: 1.2.6
Check: dependencies in R code
Result: NOTE
Namespaces in Imports field not imported from:
‘bookdown’ ‘kableExtra’ ‘knitr’
All declared Imports should be used.
Flavors: r-devel-linux-x86_64-fedora-clang, r-devel-linux-x86_64-fedora-gcc, r-patched-solaris-x86, r-release-macos-x86_64, r-oldrel-macos-x86_64