CRAN Package Check Results for Package maps

Last updated on 2021-01-19 05:48:06 CET.

Flavor Version Tinstall Tcheck Ttotal Status Flags
r-devel-linux-x86_64-debian-clang 3.3.0 7.98 38.94 46.92 OK
r-devel-linux-x86_64-debian-gcc 3.3.0 6.38 30.45 36.83 OK
r-devel-linux-x86_64-fedora-clang 3.3.0 67.11 OK
r-devel-linux-x86_64-fedora-gcc 3.3.0 56.18 OK
r-devel-windows-ix86+x86_64 3.3.0 28.00 62.00 90.00 OK
r-patched-linux-x86_64 3.3.0 7.78 36.34 44.12 OK
r-patched-solaris-x86 3.3.0 81.70 NOTE
r-release-linux-x86_64 3.3.0 7.60 36.64 44.24 OK
r-release-macos-x86_64 3.3.0 OK
r-release-windows-ix86+x86_64 3.3.0 33.00 60.00 93.00 OK
r-oldrel-macos-x86_64 3.3.0 OK
r-oldrel-windows-ix86+x86_64 3.3.0 32.00 53.00 85.00 OK

Check Details

Version: 3.3.0
Check: installed package size
Result: NOTE
     installed size is 5.3Mb
     sub-directories of 1Mb or more:
     mapdata 4.2Mb
Flavor: r-patched-solaris-x86