Last updated on 2021-01-26 05:48:22 CET.
Flavor | Version | Tinstall | Tcheck | Ttotal | Status | Flags |
---|---|---|---|---|---|---|
r-devel-linux-x86_64-debian-clang | 0.2.1 | 139.51 | 354.35 | 493.86 | OK | |
r-devel-linux-x86_64-debian-gcc | 0.2.1 | 104.34 | 256.21 | 360.55 | OK | |
r-devel-linux-x86_64-fedora-clang | 0.2.1 | 622.19 | NOTE | |||
r-devel-linux-x86_64-fedora-gcc | 0.2.1 | 533.04 | OK | |||
r-devel-windows-ix86+x86_64 | 0.2.1 | 312.00 | 606.00 | 918.00 | NOTE | |
r-patched-linux-x86_64 | 0.2.1 | 86.20 | 321.48 | 407.68 | OK | |
r-patched-solaris-x86 | 0.2.1 | 763.90 | NOTE | |||
r-release-linux-x86_64 | 0.2.1 | 87.13 | 325.07 | 412.20 | OK | |
r-release-macos-x86_64 | 0.2.1 | NOTE | ||||
r-release-windows-ix86+x86_64 | 0.2.1 | 298.00 | 508.00 | 806.00 | NOTE | |
r-oldrel-macos-x86_64 | 0.2.1 | NOTE | ||||
r-oldrel-windows-ix86+x86_64 | 0.2.1 | 258.00 | 584.00 | 842.00 | NOTE |
Version: 0.2.1
Check: installed package size
Result: NOTE
installed size is 16.2Mb
sub-directories of 1Mb or more:
R 2.6Mb
data 8.1Mb
libs 5.1Mb
Flavors: r-devel-linux-x86_64-fedora-clang, r-devel-windows-ix86+x86_64, r-patched-solaris-x86, r-release-macos-x86_64, r-release-windows-ix86+x86_64, r-oldrel-macos-x86_64, r-oldrel-windows-ix86+x86_64