CRAN Package Check Results for Package malariaAtlas

Last updated on 2021-01-26 05:48:22 CET.

Flavor Version Tinstall Tcheck Ttotal Status Flags
r-devel-linux-x86_64-debian-clang 1.0.1 7.56 102.23 109.79 OK
r-devel-linux-x86_64-debian-gcc 1.0.1 6.06 76.83 82.89 OK
r-devel-linux-x86_64-fedora-clang 1.0.1 133.79 NOTE
r-devel-linux-x86_64-fedora-gcc 1.0.1 127.43 NOTE
r-devel-windows-ix86+x86_64 1.0.1 18.00 162.00 180.00 OK
r-patched-linux-x86_64 1.0.1 7.80 95.44 103.24 OK
r-patched-solaris-x86 1.0.1 183.60 NOTE
r-release-linux-x86_64 1.0.1 6.21 97.33 103.54 OK
r-release-macos-x86_64 1.0.1 NOTE
r-release-windows-ix86+x86_64 1.0.1 18.00 166.00 184.00 OK
r-oldrel-macos-x86_64 1.0.1 NOTE
r-oldrel-windows-ix86+x86_64 1.0.1 12.00 205.00 217.00 OK

Check Details

Version: 1.0.1
Check: dependencies in R code
Result: NOTE
    Namespace in Imports field not imported from: ‘grid’
     All declared Imports should be used.
Flavors: r-devel-linux-x86_64-fedora-clang, r-devel-linux-x86_64-fedora-gcc, r-patched-solaris-x86, r-release-macos-x86_64, r-oldrel-macos-x86_64