CRAN Package Check Results for Package magic

Last updated on 2021-01-22 05:50:32 CET.

Flavor Version Tinstall Tcheck Ttotal Status Flags
r-devel-linux-x86_64-debian-clang 1.5-9 5.25 56.84 62.09 OK
r-devel-linux-x86_64-debian-gcc 1.5-9 3.83 43.00 46.83 OK
r-devel-linux-x86_64-fedora-clang 1.5-9 81.62 OK
r-devel-linux-x86_64-fedora-gcc 1.5-9 73.37 OK
r-devel-windows-ix86+x86_64 1.5-9 10.00 58.00 68.00 OK
r-patched-linux-x86_64 1.5-9 5.14 53.56 58.70 OK
r-patched-solaris-x86 1.5-9 99.00 OK
r-release-linux-x86_64 1.5-9 3.83 53.32 57.15 WARN
r-release-macos-x86_64 1.5-9 OK
r-release-windows-ix86+x86_64 1.5-9 8.00 61.00 69.00 OK
r-oldrel-macos-x86_64 1.5-9 OK
r-oldrel-windows-ix86+x86_64 1.5-9 8.00 89.00 97.00 OK

Check Details

Version: 1.5-9
Check: re-building of vignette outputs
Result: WARN
    Error(s) in re-building vignettes:
     ...
    --- re-building ‘magicpaper.Rnw’ using Sweave
    Loading required package: magic
    Loading required package: abind
    Error: processing vignette 'magicpaper.Rnw' failed with diagnostics:
    Running ‘texi2dvi’ on ‘magicpaper.tex’ failed.
    LaTeX errors:
    ! Undefined control sequence.
    <recently read> \Hy@colorlink
    
    l.47 \begin{document}
    
    ! Undefined control sequence.
    \close@pdflink ->\Hy@endcolorlink
     \Hy@VerboseLinkStop \pdfendlink
    l.47 \begin{document}
    
    ! Undefined control sequence.
    <recently read> \Hy@colorlink
    
    l.47 \begin{document}
    
    ! Undefined control sequence.
    \close@pdflink ->\Hy@endcolorlink
     \Hy@VerboseLinkStop \pdfendlink
    l.47 \begin{document}
    
    ! Undefined control sequence.
    <recently read> \Hy@colorlink
    
    l.47 \begin{document}
    
    ! Undefined control sequence.
    \close@pdflink ->\Hy@endcolorlink
     \Hy@VerboseLinkStop \pdfendlink
    l.47 \begin{document}
    
    ! Undefined control sequence.
    <recently read> \Hy@colorlink
    
    l.47 \begin{document}
    
    ! Undefined control sequence.
    \close@pdflink ->\Hy@endcolorlink
     \Hy@VerboseLinkStop \pdfendlink
    l.47 \begin{document}
    
    --- failed re-building ‘magicpaper.Rnw’
    
    SUMMARY: processing the following file failed:
     ‘magicpaper.Rnw’
    
    Error: Vignette re-building failed.
    Execution halted
Flavor: r-release-linux-x86_64