CRAN Package Check Results for Package maddison

Last updated on 2024-06-17 06:50:22 CEST.

Flavor Version Tinstall Tcheck Ttotal Status Flags
r-devel-linux-x86_64-debian-clang 0.2 2.14 29.69 31.83 OK
r-devel-linux-x86_64-debian-gcc 0.2 1.84 22.59 24.43 OK
r-devel-linux-x86_64-fedora-clang 0.2 40.98 NOTE
r-devel-linux-x86_64-fedora-gcc 0.2 51.33 NOTE
r-devel-windows-x86_64 0.2 3.00 46.00 49.00 OK
r-patched-linux-x86_64 0.2 1.46 27.93 29.39 OK
r-release-linux-x86_64 0.2 1.82 28.07 29.89 OK
r-release-macos-arm64 0.2 23.00 OK
r-release-macos-x86_64 0.2 32.00 OK
r-release-windows-x86_64 0.2 3.00 45.00 48.00 OK
r-oldrel-macos-arm64 0.2 24.00 OK
r-oldrel-macos-x86_64 0.2 34.00 OK
r-oldrel-windows-x86_64 0.2 2.00 46.00 48.00 OK

Check Details

Version: 0.2
Check: data for non-ASCII characters
Result: NOTE Note: found 134 marked UTF-8 strings Flavors: r-devel-linux-x86_64-fedora-clang, r-devel-linux-x86_64-fedora-gcc