CRAN Package Check Results for Package liqueueR

Last updated on 2021-02-25 05:48:26 CET.

Flavor Version Tinstall Tcheck Ttotal Status Flags
r-devel-linux-x86_64-debian-clang 0.0.1 3.15 27.30 30.45 OK
r-devel-linux-x86_64-debian-gcc 0.0.1 2.10 21.21 23.31 OK
r-devel-linux-x86_64-fedora-clang 0.0.1 45.70 OK
r-devel-linux-x86_64-fedora-gcc 0.0.1 36.01 OK
r-devel-windows-ix86+x86_64 0.0.1 8.00 33.00 41.00 OK
r-patched-linux-x86_64 0.0.1 2.47 25.82 28.29 OK
r-patched-solaris-x86 0.0.1 56.40 OK
r-release-linux-x86_64 0.0.1 3.18 25.88 29.06 OK
r-release-macos-x86_64 0.0.1 OK
r-release-windows-ix86+x86_64 0.0.1 18.00 4.00 22.00 ERROR
r-oldrel-macos-x86_64 0.0.1 OK
r-oldrel-windows-ix86+x86_64 0.0.1 4.00 41.00 45.00 OK

Check Details

Version: 0.0.1
Check: whether package can be installed
Result: ERROR
    Installation failed.
    See * DONE
Flavor: r-release-windows-ix86+x86_64