CRAN Package Check Results for Package lifx

Last updated on 2020-11-28 05:51:10 CET.

Flavor Version Tinstall Tcheck Ttotal Status Flags
r-devel-linux-x86_64-debian-clang 0.2.0 3.46 25.89 29.35 OK
r-devel-linux-x86_64-debian-gcc 0.2.0 2.58 21.01 23.59 OK
r-devel-linux-x86_64-fedora-clang 0.2.0 40.49 NOTE
r-devel-linux-x86_64-fedora-gcc 0.2.0 30.00 NOTE
r-devel-windows-ix86+x86_64 0.2.0 5.00 33.00 38.00 OK
r-patched-linux-x86_64 0.2.0 3.30 26.40 29.70 OK
r-patched-solaris-x86 0.2.0 48.50 NOTE
r-release-linux-x86_64 0.2.0 3.16 26.45 29.61 OK
r-release-macos-x86_64 0.2.0 NOTE
r-release-windows-ix86+x86_64 0.2.0 4.00 32.00 36.00 OK
r-oldrel-macos-x86_64 0.2.0 NOTE
r-oldrel-windows-ix86+x86_64 0.2.0 4.00 41.00 45.00 OK

Check Details

Version: 0.2.0
Check: dependencies in R code
Result: NOTE
    Namespaces in Imports field not imported from:
     ‘curl’ ‘jsonlite’
     All declared Imports should be used.
Flavors: r-devel-linux-x86_64-fedora-clang, r-devel-linux-x86_64-fedora-gcc, r-patched-solaris-x86, r-release-macos-x86_64, r-oldrel-macos-x86_64