Last updated on 2021-01-19 05:48:05 CET.
Flavor | Version | Tinstall | Tcheck | Ttotal | Status | Flags |
---|---|---|---|---|---|---|
r-devel-linux-x86_64-debian-clang | 3.1 | 3.68 | 24.63 | 28.31 | OK | |
r-devel-linux-x86_64-debian-gcc | 3.1 | 3.18 | 19.70 | 22.88 | OK | |
r-devel-linux-x86_64-fedora-clang | 3.1 | 44.45 | NOTE | |||
r-devel-linux-x86_64-fedora-gcc | 3.1 | 34.72 | NOTE | |||
r-devel-windows-ix86+x86_64 | 3.1 | 9.00 | 38.00 | 47.00 | OK | |
r-patched-linux-x86_64 | 3.1 | 3.44 | 23.71 | 27.15 | OK | |
r-patched-solaris-x86 | 3.1 | 51.00 | OK | |||
r-release-linux-x86_64 | 3.1 | 3.81 | 23.45 | 27.26 | OK | |
r-release-macos-x86_64 | 3.1 | OK | ||||
r-release-windows-ix86+x86_64 | 3.1 | 12.00 | 36.00 | 48.00 | OK | |
r-oldrel-macos-x86_64 | 3.1 | OK | ||||
r-oldrel-windows-ix86+x86_64 | 3.1 | 9.00 | 36.00 | 45.00 | OK |
Version: 3.1
Check: compiled code
Result: NOTE
File ‘leaps/libs/leaps.so’:
Found no calls to: ‘R_registerRoutines’, ‘R_useDynamicSymbols’
It is good practice to register native routines and to disable symbol
search.
See ‘Writing portable packages’ in the ‘Writing R Extensions’ manual.
Flavors: r-devel-linux-x86_64-fedora-clang, r-devel-linux-x86_64-fedora-gcc